
False
Does 128 divide 3260?
False
Is 767 a multiple of 35?
False
Does 5 divide 1856?
False
Is 351 a multiple of 10?
False
Is 2 a factor of 214?
True
Does 9 divide 813?
False
Is 22 a factor of 660?
True
Is 33 a factor of 5924?
False
Is 14 a factor of 252?
True
Is 11085 a multiple of 15?
True
Is 79 a multiple of 8?
False
Does 29 divide 638?
True
Is 78495 a multiple of 7?
False
Is 2 a factor of 320?
True
Does 7 divide 3143?
True
Is 2 a factor of 47?
False
Is 96 a factor of 4992?
True
Does 16 divide 32753?
False
Does 8 divide 52?
False
Is 24106 a multiple of 143?
False
Is 76004 a multiple of 320?
False
Does 80 divide 1600?
True
Is 3938 a multiple of 21?
False
Is 34 a factor of 1972?
True
Does 16 divide 3073?
False
Is 17 a factor of 5291?
False
Is 486 a multiple of 9?
True
Is 75617 a multiple of 274?
False
Does 86 divide 1376?
True
Does 8 divide 65?
False
Is 8752 a multiple of 272?
False
Is 45 a factor of 13645?
False
Is 10 a factor of 320?
True
Does 51 divide 51?
True
Does 27 divide 725?
False
Is 225 a multiple of 53?
False
Does 44 divide 2250?
False
Does 4 divide 1222?
False
Does 14 divide 166?
False
Is 48 a factor of 2299?
False
Is 6648 a multiple of 6?
True
Is 822 a multiple of 6?
True
Does 17 divide 376?
False
Does 24 divide 37412?
False
Does 7 divide 65?
False
Is 2515 a multiple of 12?
False
Does 13 divide 2615?
False
Is 5 a factor of 125?
True
Is 933 a multiple of 17?
False
Is 44 a factor of 818?
False
Does 54 divide 1886?
False
Does 22 divide 203?
False
Is 794 a multiple of 65?
False
Is 724 a multiple of 12?
False
Is 23 a factor of 4314?
False
Is 29 a factor of 30624?
True
Is 326 a multiple of 6?
False
Does 68 divide 6800?
True
Is 7124 a multiple of 4?
True
Is 102 a factor of 4284?
True
Is 16948 a multiple of 8?
False
Is 88054 a multiple of 32?
False
Is 53697 a multiple of 7?
True
Does 4 divide 790?
False
Is 16 a factor of 4576?
True
Is 132 a factor of 22096?
False
Is 1848 a multiple of 33?
True
Does 8 divide 2310?
False
Is 105 a factor of 2730?
True
Is 23 a factor of 276?
True
Is 996 a multiple of 83?
True
Is 31434 a multiple of 13?
True
Does 9 divide 10358?
False
Is 88 a factor of 1145?
False
Is 75 a multiple of 25?
True
Is 21 a factor of 156?
False
Is 15 a factor of 9694?
False
Is 38626 a multiple of 178?
True
Does 12 divide 951?
False
Does 28 divide 3052?
True
Does 40 divide 1163?
False
Is 32052 a multiple of 209?
False
Is 1182 a multiple of 9?
False
Does 4 divide 8732?
True
Does 158 divide 20540?
True
Is 6 a factor of 10908?
True
Does 55 divide 1538?
False
Does 47 divide 24581?
True
Does 4 divide 68?
True
Does 40 divide 482?
False
Does 5 divide 546?
False
Does 61 divide 2310?
False
Is 143 a multiple of 13?
True
Is 14176 a multiple of 8?
True
Does 99 divide 54958?
False
Is 3221 a multiple of 26?
False
Is 6789 a multiple of 39?
False
Is 2022 a multiple of 19?
False
Is 100 a factor of 3033?
False
Does 18 divide 27900?
True
Is 5566 a multiple of 11?
True
Is 37 a factor of 50468?
True
Does 16 divide 54528?
True
Is 20 a factor of 11013?
False
Does 9 divide 324?
True
Does 17 divide 7090?
False
Is 131 a factor of 544?
False
Is 6391 a multiple of 55?
False
Is 32 a factor of 18159?
False
Is 42 a factor of 2404?
False
Is 170 a factor of 70890?
True
Is 1332 a multiple of 148?
True
Does 198 divide 71280?
True
Is 58 a factor of 870?
True
Is 38 a factor of 3284?
False
Does 24 divide 124913?
False
Does 33 divide 8053?
False
Is 47 a factor of 1786?
True
Does 3 divide 1756?
False
Is 13 a factor of 17310?
False
Does 35 divide 97720?
True
Is 854 a multiple of 122?
True
Is 840 a multiple of 29?
False
Is 7824 a multiple of 8?
True
Is 901 a multiple of 6?
False
Is 3 a factor of 1063?
False
Is 65 a factor of 1059?
False
Is 34 a factor of 884?
True
Is 11 a factor of 979?
True
Is 9730 a multiple of 10?
True
Is 108 a multiple of 6?
True
Is 19 a factor of 7163?
True
Does 28 divide 253?
False
Is 8 a factor of 939?
False
Is 1914 a multiple of 22?
True
Is 1344 a multiple of 48?
True
Is 774 a multiple of 19?
False
Is 121 a multiple of 2?
False
Does 8 divide 1688?
True
Does 4 divide 5470?
False
Does 5 divide 1773?
False
Is 5873 a multiple of 17?
False
Is 7 a factor of 22412?
False
Is 2 a factor of 3985?
False
Does 3 divide 1837?
False
Does 5 divide 976?
False
Does 62 divide 3108?
False
Does 22 divide 8624?
True
Is 9 a factor of 39219?
False
Is 18 a factor of 59629?
False
Is 14 a factor of 1456?
True
Does 20 divide 11020?
True
Is 1980 a multiple of 20?
True
Is 26 a factor of 1586?
True
Does 13 divide 280?
False
Is 27761 a multiple of 71?
True
Is 42261 a multiple of 264?
False
Is 10488 a multiple of 46?
True
Is 396 a multiple of 8?
False
Is 5886 a multiple of 54?
True
Is 8 a factor of 2584?
True
Is 107 a factor of 3531?
True
Is 12 a factor of 4048?
False
Is 343 a multiple of 19?
False
Is 177 a factor of 35576?
False
Is 23108 a multiple of 212?
True
Is 10548 a multiple of 109?
False
Does 4 divide 949?
False
Is 2482 a multiple of 17?
True
Is 183 a multiple of 2?
False
Does 51 divide 13770?
True
Does 57 divide 59?
False
Is 384 a multiple of 12?
True
Is 2296 a multiple of 41?
True
Is 1829 a multiple of 50?
False
Is 10920 a multiple of 168?
True
Is 592 a multiple of 16?
True
Is 675 a multiple of 9?
True
Is 32 a factor of 1295?
False
Is 71 a factor of 7384?
True
Does 11 divide 272?
False
Is 517 a multiple of 11?
True
Is 110 a factor of 126610?
True
Is 307 a factor of 32542?
True
Is 110 a multiple of 22?
True
Is 792 a multiple of 44?
True
Is 945 a multiple of 20?
False
Is 12 a factor of 852?
True
Is 30 a factor of 6158?
False
Does 23 divide 69?
True
Is 1642 a multiple of 8?
False
Is 166 a factor of 13292?
False
Does 4 divide 113?
False
Is 24700 a multiple of 25?
True
Does 292 divide 25525?
False
Is 16616 a multiple of 17?
False
Is 44 even?
True
Is 38 a factor of 342?
True
Does 5 divide 38?
False
Is 86 a factor of 18687?
False
Does 42 divide 3359?
False
Does 24 divide 3696?
True
Does 2 divide 220?
True
Does 13 divide 897?
True
Is 26 a factor of 16433?
False
Is 55673 a multiple of 60?
False
Is 31852 a multiple of 16?
False
Is 13 a factor of 118?
False
Does 13 divide 1764?
False
Is 53716 a multiple of 38?
False
Is 21 a factor of 3381?
True
Is 2 a factor of 1071?
False
Does 32 divide 13184?
True
Is 335 a factor of 55610?
True
Is 4589 a multiple of 7?
False
Is 3336 a multiple of 134?
False
Does 64 divide 7104?
True
Does 12 divide 32131?
False
Is 30209 a multiple of 25?
False
Is 8 a factor of 31?
False
Is 3 a factor of 1305?
True
Is 2752 a multiple of 32?
True
Does 24 divide 984?
True
Is 12 a factor of 672?
True
Is 13 a factor of 14?
False
Is 18070 a multiple of 13?
True
Does 8 divide 417?
False
Is 501 a multiple of 9?
False
Is 6568 a multiple of 8?
True
Does 33 divide 1499?
False
Does 12 divide 4440?
True
Does 37 divide 555?
True
Is 1500 a multiple of 60?
True
Is 273 a multiple of 13?
True
Does 18 divide 331?
False
Does 60 divide 8305?
False
Is 18 a factor of 700?
False
Is 491 a multiple of 8?
False
Is 16 a factor of 3853?
False
Is 92 a factor of 4416?
True
Is 3 a factor of 10809?
True
Does 6 divide 422?
False
Is 2 a factor of 2810?
True
Does 161 divide 67942?
True
Is 3040 a multiple of 40?
True
Does 17 divide 2125?
True
Is 26 a factor of 3016?
True
Is 4320 a multiple of 20?
True
Is 6347 a multiple of 11?
True
Is 20 a factor of 2039?
False
Is 168 a factor of 557?
False
Is 28 a factor of 4789?
False
Is 438 a factor of 155937?
False
Does 9 divide 4134?
False
Is 496 a multiple of 2?
True
Is 41 a factor of 574?
True
Is 601 a multiple of 7?
False
Is 9 a factor of 2178?
True
Is 43 a factor of 3466?
False
Is 5 a factor of 191?
False
Is 55811 a multiple of 119?
True
Does 2 divide 660?
True
Is 12255 a multiple of 30?
False
Is 419 a multiple of 10?
False
Is 462 a multiple of 66?
True
Is 13 a factor of 17056?
True
Is 18 a factor of 12077?
False
Does 190 divide 38000?
True
Is 26 a factor of 48334?
True
Is 39 a factor of 76167?
True
Does 12 divide 1428?
True
Is 27 a factor of 6294?
False
Does 66 divide 757?
False
Is 18320 a multiple of 229?
True
Is 24 a factor of 2704?
False
Does 13 divide 515?
False
Does 36 divide 4068?
True
Does 11 divide 2816?
True
Does 112 divide 672?
True
Is 89 a factor of 2520?
False
Is 53329 a multiple of 65?
False
Does 15 divide 3594?
False
Is 177 a factor of 5688